{"id":86,"date":"2018-07-17T16:40:38","date_gmt":"2018-07-17T16:40:38","guid":{"rendered":"http:\/\/konig-metallzaune.de\/?page_id=86"},"modified":"2018-09-25T16:21:51","modified_gmt":"2018-09-25T16:21:51","slug":"home","status":"publish","type":"page","link":"https:\/\/konig-metallzaune.de\/","title":{"rendered":"Home"},"content":{"rendered":"<p>[et_pb_section bb_built=&#8221;1&#8243; admin_label=&#8221;Hero Section&#8221; module_id=&#8221;home&#8221; _builder_version=&#8221;3.10.1&#8243; background_color_gradient_direction=&#8221;90deg&#8221; background_image=&#8221;http:\/\/konig-metallzaune.de\/wp-content\/uploads\/2018\/07\/IMG_2186-Copy.jpg&#8221; background_position=&#8221;center_right&#8221; custom_margin=&#8221;|||&#8221; custom_padding=&#8221;0|0px|2.4%|0px|false|false&#8221; animation_style=&#8221;zoom&#8221; next_background_color=&#8221;#ffffff&#8221;][et_pb_row admin_label=&#8221;Hero Area&#8221; use_custom_width=&#8221;on&#8221; width_unit=&#8221;off&#8221; custom_width_percent=&#8221;100%&#8221; custom_padding_last_edited=&#8221;off|desktop&#8221; padding_right_2=&#8221;-100px&#8221; padding_left_2=&#8221;-100px&#8221; _builder_version=&#8221;3.10.1&#8243; background_size=&#8221;contain&#8221; background_position=&#8221;center_right&#8221;][et_pb_column type=&#8221;4_4&#8243;][et_pb_text admin_label=&#8221;Hero Title&#8221; _builder_version=&#8221;3.10.1&#8243; text_font=&#8221;Playfair Display||||||||&#8221; text_font_size_last_edited=&#8221;off|desktop&#8221; text_text_shadow_style=&#8221;preset5&#8243; text_text_shadow_horizontal_length=&#8221;0.29em&#8221; text_text_shadow_vertical_length=&#8221;0.2em&#8221; text_text_shadow_color=&#8221;#ffffff&#8221; header_font=&#8221;Alice||||||||&#8221; header_font_size=&#8221;120px&#8221; header_font_size_phone=&#8221;60px&#8221; header_font_size_last_edited=&#8221;on|phone&#8221; header_letter_spacing=&#8221;-3px&#8221; header_line_height=&#8221;1.1em&#8221; text_orientation=&#8221;center&#8221; custom_margin=&#8221;|-100px||-100px&#8221; animation_style=&#8221;slide&#8221; animation_direction=&#8221;left&#8221; animation_intensity_slide=&#8221;5%&#8221; animation_starting_opacity=&#8221;100%&#8221;]<\/p>\n<h1>Metall Zaune<\/h1>\n<p>[\/et_pb_text][et_pb_image src=&#8221;http:\/\/konig-metallzaune.de\/wp-content\/uploads\/2018\/09\/metalzaune-logo.png&#8221; align=&#8221;center&#8221; _builder_version=&#8221;3.10.1&#8243; custom_margin=&#8221;|-100px||-100px&#8221; custom_margin_tablet=&#8221;|0px||0px&#8221; custom_margin_last_edited=&#8221;on|phone&#8221;]<\/p>\n<p>&nbsp;<\/p>\n<p>[\/et_pb_image][et_pb_text _builder_version=&#8221;3.10.1&#8243; text_font=&#8221;||||||||&#8221; text_font_size=&#8221;29px&#8221; text_line_height=&#8221;1.8em&#8221; text_text_shadow_style=&#8221;preset5&#8243; text_text_shadow_color=&#8221;#000000&#8243; header_text_align=&#8221;center&#8221; text_orientation=&#8221;center&#8221; background_layout=&#8221;dark&#8221; max_width=&#8221;500px&#8221; module_alignment=&#8221;center&#8221; custom_margin=&#8221;|-100px||-100px&#8221; custom_padding=&#8221;||10px|&#8221; animation_style=&#8221;slide&#8221; animation_direction=&#8221;left&#8221; animation_intensity_slide=&#8221;5%&#8221; animation_starting_opacity=&#8221;100%&#8221;]<\/p>\n<p style=\"text-align: center;\"><strong>Herzlich Willkommen auf unserer Seite!<\/strong><\/p>\n<p style=\"text-align: center;\"><strong>Tore, Z\u00e4une, Balustraden<\/strong><\/p>\n<p>[\/et_pb_text][et_pb_button button_url=&#8221;#promocje&#8221; button_text=&#8221;Angebot!&#8221; button_alignment=&#8221;center&#8221; _builder_version=&#8221;3.10.1&#8243; custom_button=&#8221;on&#8221; button_text_size=&#8221;15px&#8221; button_text_color=&#8221;#f7f3ee&#8221; button_bg_color=&#8221;#959d93&#8243; button_border_width=&#8221;0px&#8221; button_border_radius=&#8221;100px&#8221; button_letter_spacing=&#8221;2px&#8221; button_font=&#8221;|700||on|||||&#8221; button_use_icon=&#8221;off&#8221; button_bg_color_hover=&#8221;#f7beb7&#8243; button_letter_spacing_hover=&#8221;2px&#8221; custom_padding=&#8221;16px|30px|16px|30px&#8221; animation_style=&#8221;slide&#8221; animation_direction=&#8221;left&#8221; animation_intensity_slide=&#8221;10%&#8221; animation_starting_opacity=&#8221;100%&#8221;]<\/p>\n<p>&nbsp;<\/p>\n<p>[\/et_pb_button][\/et_pb_column][\/et_pb_row][\/et_pb_section][et_pb_section bb_built=&#8221;1&#8243; _builder_version=&#8221;3.10.1&#8243; custom_padding=&#8221;27px|0px|52px|0px|false|false&#8221; prev_background_color=&#8221;#000000&#8243; next_background_color=&#8221;#000000&#8243;][et_pb_row custom_padding=&#8221;0px|||&#8221; custom_margin=&#8221;0px|||&#8221; module_class=&#8221;header&#8221; _builder_version=&#8221;3.10.1&#8243;][et_pb_column type=&#8221;4_4&#8243;][et_pb_text module_id=&#8221;promocje&#8221; _builder_version=&#8221;3.10.1&#8243; text_font=&#8221;Kreon||||||||&#8221; background_color=&#8221;#ffdddd&#8221; custom_margin=&#8221;10px|||&#8221; custom_padding=&#8221;10px|||&#8221; custom_padding_last_edited=&#8221;off|&#8221;]<\/p>\n<h1 style=\"text-align: center;\">Winterangebot, g\u00fcltig ab den 1. Oktober &#8211; 15 % Rabatt<\/h1>\n<p>[\/et_pb_text][et_pb_text _builder_version=&#8221;3.10.1&#8243; text_font=&#8221;Kreon||||||||&#8221; background_color=&#8221;#9cb1c1&#8243; text_orientation=&#8221;center&#8221; custom_margin=&#8221;10px|||&#8221; custom_padding=&#8221;10px|||&#8221;]<\/p>\n<h1 style=\"text-align: center;\">Winterangebot, g\u00fcltig ab den 1. Oktober \u2013 Montage n\u00e4chstes Jahr &#8211; 20% Rabatt<\/h1>\n<p>[\/et_pb_text][\/et_pb_column][\/et_pb_row][\/et_pb_section][et_pb_section bb_built=&#8221;1&#8243; admin_label=&#8221;Our Specialties Section&#8221; _builder_version=&#8221;3.10.1&#8243; custom_padding=&#8221;0px||0px|&#8221; prev_background_color=&#8221;#000000&#8243; next_background_color=&#8221;#f7f7f7&#8243;][et_pb_row admin_label=&#8221;Title Area&#8221; _builder_version=&#8221;3.10.1&#8243;][et_pb_column type=&#8221;4_4&#8243;][et_pb_text admin_label=&#8221;Title&#8221; module_id=&#8221;czym&#8221; _builder_version=&#8221;3.10.1&#8243; header_2_font=&#8221;Alice||||||||&#8221; header_2_text_align=&#8221;center&#8221; header_2_font_size=&#8221;42px&#8221; header_2_line_height=&#8221;1.3em&#8221; custom_margin=&#8221;||20px|&#8221; animation_style=&#8221;slide&#8221; animation_direction=&#8221;top&#8221; animation_intensity_slide=&#8221;30%&#8221; animation_starting_opacity=&#8221;100%&#8221;]<\/p>\n<h2>\u00dcber uns<\/h2>\n<p>[\/et_pb_text][et_pb_divider color=&#8221;#2a2a2a&#8221; divider_weight=&#8221;3px&#8221; _builder_version=&#8221;3.2&#8243; max_width=&#8221;50px&#8221; module_alignment=&#8221;center&#8221; custom_margin=&#8221;||10px|&#8221; animation_style=&#8221;slide&#8221; animation_direction=&#8221;top&#8221; animation_intensity_slide=&#8221;30%&#8221; animation_starting_opacity=&#8221;100%&#8221;]<\/p>\n<p>&nbsp;<\/p>\n<p>[\/et_pb_divider][et_pb_text admin_label=&#8221;Subtitle&#8221; _builder_version=&#8221;3.10.1&#8243; text_font_size=&#8221;23px&#8221; text_line_height=&#8221;1.8em&#8221; text_orientation=&#8221;center&#8221; max_width=&#8221;700px&#8221; module_alignment=&#8221;center&#8221; animation_style=&#8221;slide&#8221; animation_direction=&#8221;top&#8221; animation_intensity_slide=&#8221;20%&#8221; animation_starting_opacity=&#8221;100%&#8221;]<\/p>\n<p style=\"text-align: center;\">Wir sind sehr Ideenreich und geben Ihnen gerne Tipps. Jeder unserer Kunden ist etwas<br \/>\nbesonderes f\u00fcr uns, deshalb behandeln wir jeden individuell.<\/p>\n<p style=\"text-align: center;\">Unsere moderne Firma verf\u00fcgt \u00fcber langj\u00e4hrige Erfahrung und geht an jede neue<br \/>\nAufgabe mit gro\u00dfer Verantwortung heran. Unser Motto lautet: \u201cSolide und<br \/>\ngr\u00fcndlich, als w\u00e4re es das eigene Zuhause\u201c .<\/p>\n<p style=\"text-align: center;\">Uns haben schon viele Kunden vertraut, vertraue uns auch Du! Der Kontakt mit uns<br \/>\nverpflichtet Sie zu nichts. Sie k\u00f6nnen jedoch viele Informationen erfahren und sich<br \/>\nbei uns beraten lassen.<\/p>\n<p>[\/et_pb_text][\/et_pb_column][\/et_pb_row][et_pb_row admin_label=&#8221;Our Specialties&#8221; custom_margin=&#8221;40px|||&#8221; _builder_version=&#8221;3.0.92&#8243;][et_pb_column type=&#8221;1_3&#8243;][et_pb_image src=&#8221;http:\/\/konig-metallzaune.de\/wp-content\/uploads\/2018\/07\/IMG_20170617_093631.jpg&#8221; url=&#8221;http:\/\/konig-metallzaune.de\/?page_id=353&#8243; force_fullwidth=&#8221;on&#8221; _builder_version=&#8221;3.10.1&#8243; animation_style=&#8221;zoom&#8221; animation_direction=&#8221;top&#8221; animation_intensity_zoom=&#8221;10%&#8221; animation_starting_opacity=&#8221;100%&#8221;]<\/p>\n<p>&nbsp;<\/p>\n<p>[\/et_pb_image][et_pb_text _builder_version=&#8221;3.10.1&#8243; text_font_size=&#8221;16px&#8221; text_line_height=&#8221;1.8em&#8221; header_3_font=&#8221;|600|||||||&#8221; header_3_line_height=&#8221;1.5em&#8221; custom_margin=&#8221;40px||10px|&#8221; custom_padding=&#8221;|||&#8221; animation_style=&#8221;flip&#8221; animation_starting_opacity=&#8221;100%&#8221;]<\/p>\n<h3>Tore und Z\u00e4une\/Mauern (Klinker)<\/h3>\n<p>Wir montieren alle Tore und Z\u00e4une, die sich der Kunde w\u00fcnscht. Eine breite Palette an Farbe<br \/>\nund modernen Designs machten schon viele unserer Kunden sehr zufrieden.<\/p>\n<p>[\/et_pb_text][\/et_pb_column][et_pb_column type=&#8221;1_3&#8243;][et_pb_image src=&#8221;http:\/\/konig-metallzaune.de\/wp-content\/uploads\/2018\/07\/IMG_20180310_141006.jpg&#8221; url=&#8221;http:\/\/konig-metallzaune.de\/?page_id=350&#8243; force_fullwidth=&#8221;on&#8221; _builder_version=&#8221;3.10.1&#8243; animation_style=&#8221;zoom&#8221; animation_direction=&#8221;top&#8221; animation_intensity_zoom=&#8221;10%&#8221; animation_starting_opacity=&#8221;100%&#8221;]<\/p>\n<p>&nbsp;<\/p>\n<p>[\/et_pb_image][et_pb_text _builder_version=&#8221;3.10.1&#8243; text_font_size=&#8221;16px&#8221; text_line_height=&#8221;1.8em&#8221; header_3_font=&#8221;|600|||||||&#8221; header_3_line_height=&#8221;1.5em&#8221; custom_margin=&#8221;40px||10px|&#8221; custom_padding=&#8221;|||&#8221; animation_style=&#8221;flip&#8221; animation_starting_opacity=&#8221;100%&#8221;]<\/p>\n<h3>Balustraden<\/h3>\n<p>Wir entwickeln jede Art von Balustraden. Kein Design bereitet uns Probleme.<\/p>\n<p>[\/et_pb_text][\/et_pb_column][et_pb_column type=&#8221;1_3&#8243;][et_pb_image src=&#8221;http:\/\/konig-metallzaune.de\/wp-content\/uploads\/2018\/07\/IMG_20171103_120040-Copy.jpg&#8221; url=&#8221;http:\/\/konig-metallzaune.de\/?page_id=346&#8243; force_fullwidth=&#8221;on&#8221; module_class=&#8221;modal-link&#8221; _builder_version=&#8221;3.10.1&#8243; animation_style=&#8221;zoom&#8221; animation_direction=&#8221;top&#8221; animation_intensity_zoom=&#8221;10%&#8221; animation_starting_opacity=&#8221;100%&#8221;]<\/p>\n<p>&nbsp;<\/p>\n<p>[\/et_pb_image][et_pb_text _builder_version=&#8221;3.10.1&#8243; text_font_size=&#8221;16px&#8221; text_line_height=&#8221;1.8em&#8221; header_3_font=&#8221;|600|||||||&#8221; header_3_line_height=&#8221;1.5em&#8221; custom_margin=&#8221;40px||10px|&#8221; custom_padding=&#8221;|||&#8221; animation_style=&#8221;flip&#8221; animation_starting_opacity=&#8221;100%&#8221;]<\/p>\n<h3>Automatisierung<\/h3>\n<p>Der Abschluss unserer Arbeit sind Automatisierungsmechanismen. Sie erh\u00f6hen deutlich die<br \/>\nKomfort des Gebrauchs.<\/p>\n<p>[\/et_pb_text][\/et_pb_column][\/et_pb_row][\/et_pb_section][et_pb_section bb_built=&#8221;1&#8243; admin_label=&#8221;Latest Work Section&#8221; _builder_version=&#8221;3.0.76&#8243; background_color=&#8221;#f7f7f7&#8243; custom_padding=&#8221;110px||5px|&#8221; prev_background_color=&#8221;#ffffff&#8221; next_background_color=&#8221;#747d88&#8243;][et_pb_row admin_label=&#8221;Service Section Title&#8221; custom_margin=&#8221;||40px|&#8221; _builder_version=&#8221;3.0.83&#8243; animation_style=&#8221;fade&#8221; animation_direction=&#8221;top&#8221; saved_tabs=&#8221;all&#8221;][et_pb_column type=&#8221;4_4&#8243;][et_pb_text admin_label=&#8221;Title&#8221; module_id=&#8221;our&#8221; _builder_version=&#8221;3.10.1&#8243; text_font=&#8221;Montserrat||||||||&#8221; text_text_color=&#8221;#747d88&#8243; text_font_size=&#8221;16px&#8221; text_line_height=&#8221;1.9em&#8221; header_2_font=&#8221;Montserrat|700||on|||||&#8221; header_2_font_size=&#8221;42px&#8221; header_2_line_height=&#8221;1.3em&#8221; text_orientation=&#8221;center&#8221; max_width=&#8221;700px&#8221; module_alignment=&#8221;center&#8221; animation_style=&#8221;slide&#8221; animation_direction=&#8221;bottom&#8221; animation_intensity_slide=&#8221;4%&#8221;]<\/p>\n<h2>Unsere neusten Werke<\/h2>\n<p>[\/et_pb_text][et_pb_text admin_label=&#8221;Subtitle&#8221; _builder_version=&#8221;3.10.1&#8243; text_font=&#8221;Montserrat||||&#8221; text_text_color=&#8221;#747d88&#8243; text_font_size=&#8221;16px&#8221; text_line_height=&#8221;1.8em&#8221; text_orientation=&#8221;center&#8221; max_width=&#8221;700px&#8221; module_alignment=&#8221;center&#8221; custom_margin=&#8221;|||&#8221; animation_style=&#8221;slide&#8221; animation_direction=&#8221;bottom&#8221; animation_delay=&#8221;100ms&#8221; animation_intensity_slide=&#8221;4%&#8221;]<\/p>\n<p>Schauen Sie sich unsere Galerie an!<br \/>\nDort sind unsere neusten Werke zu finden.<\/p>\n<p>[\/et_pb_text][et_pb_image src=&#8221;http:\/\/konig-metallzaune.de\/wp-content\/uploads\/2018\/09\/galeria2.png&#8221; url=&#8221;http:\/\/konig-metallzaune.de\/?page_id=356&#8243; align=&#8221;center&#8221; _builder_version=&#8221;3.10.1&#8243;]<\/p>\n<p>&nbsp;<\/p>\n<p>[\/et_pb_image][\/et_pb_column][\/et_pb_row][\/et_pb_section][et_pb_section bb_built=&#8221;1&#8243; admin_label=&#8221;Promo Banner&#8221; _builder_version=&#8221;3.0.92&#8243; background_color=&#8221;#747d88&#8243; custom_padding=&#8221;0px|0px|0px|0px&#8221; locked=&#8221;off&#8221; prev_background_color=&#8221;#f7f7f7&#8243; next_background_color=&#8221;#ffffff&#8221;][et_pb_row _builder_version=&#8221;3.0.92&#8243;][et_pb_column type=&#8221;4_4&#8243;][et_pb_text _builder_version=&#8221;3.10.1&#8243; text_font_size=&#8221;16px&#8221; link_font=&#8221;|600|||on||||&#8221; link_text_color=&#8221;rgba(12,12,12,0.59)&#8221; header_2_font=&#8221;Alice||||||||&#8221; header_2_line_height=&#8221;1.5em&#8221; text_orientation=&#8221;center&#8221; background_layout=&#8221;dark&#8221;]<\/p>\n<h2>Kontaktieren Sie uns! Wir helfen ihnen Gerne!<\/h2>\n<p>[\/et_pb_text][\/et_pb_column][\/et_pb_row][\/et_pb_section][et_pb_section bb_built=&#8221;1&#8243; admin_label=&#8221;Footer Section&#8221; _builder_version=&#8221;3.0.89&#8243; custom_padding=&#8221;110px||110px|&#8221; prev_background_color=&#8221;#747d88&#8243;][et_pb_row admin_label=&#8221;Footer Area&#8221; _builder_version=&#8221;3.0.89&#8243;][et_pb_column type=&#8221;1_3&#8243;][et_pb_text admin_label=&#8221;Title&#8221; _builder_version=&#8221;3.10.1&#8243; header_2_font=&#8221;Alice||||||||&#8221; header_2_font_size=&#8221;36px&#8221; animation_style=&#8221;fold&#8221; animation_direction=&#8221;left&#8221; animation_intensity_fold=&#8221;20%&#8221; animation_starting_opacity=&#8221;100%&#8221;]<\/p>\n<h2>Wie Sie uns erreichen<\/h2>\n<p>[\/et_pb_text][et_pb_blurb admin_label=&#8221;Address&#8221; title=&#8221;Kontakt&#8221; _builder_version=&#8221;3.10.1&#8243; header_font=&#8221;|600|||||||&#8221; header_font_size=&#8221;16px&#8221; header_line_height=&#8221;1.8em&#8221; body_font_size=&#8221;16px&#8221; body_line_height=&#8221;1.8em&#8221; animation_style=&#8221;fold&#8221; animation_direction=&#8221;left&#8221; animation_intensity_fold=&#8221;20%&#8221; animation_starting_opacity=&#8221;100%&#8221;]<\/p>\n<p>+48 697 977 868<\/p>\n<p>info@konig-metallzaune.de<\/p>\n<p>[\/et_pb_blurb][\/et_pb_column][et_pb_column type=&#8221;2_3&#8243;][et_pb_contact_form captcha=&#8221;off&#8221; email=&#8221;info@konig-metallzaune.de&#8221; title=&#8221;Kontaktieren Sie uns&#8221; custom_message=&#8221;%%name%%||et_pb_line_break_holder||%%email%%||et_pb_line_break_holder||||et_pb_line_break_holder||%%message%%&#8221; submit_button_text=&#8221;Schicken&#8221; form_background_color=&#8221;rgba(255,255,255,0)&#8221; module_id=&#8221;et_pb_contact_form_0&#8243; _builder_version=&#8221;3.10.1&#8243; title_font=&#8221;Alice||||||||&#8221; title_font_size=&#8221;36px&#8221; form_field_font_size=&#8221;16px&#8221; border_width_all=&#8221;1px&#8221; border_color_all=&#8221;rgba(0,0,0,0.12)&#8221; custom_button=&#8221;on&#8221; button_text_size=&#8221;14px&#8221; button_text_color=&#8221;#2a2a2a&#8221; button_bg_color=&#8221;#f7beb7&#8243; button_border_width=&#8221;12px&#8221; button_border_color=&#8221;#f7beb7&#8243; button_border_radius=&#8221;30px&#8221; button_letter_spacing=&#8221;2px&#8221; button_font=&#8221;Poppins|600||on|||||&#8221; button_use_icon=&#8221;off&#8221; button_text_color_hover=&#8221;#2a2a2a&#8221; button_bg_color_hover=&#8221;#f7f3ee&#8221; button_border_color_hover=&#8221;#f7f3ee&#8221; button_border_radius_hover=&#8221;30px&#8221; button_letter_spacing_hover=&#8221;2px&#8221; animation_style=&#8221;fade&#8221;][et_pb_contact_field field_id=&#8221;Name&#8221; field_title=&#8221;Name&#8221; _builder_version=&#8221;3.10.1&#8243; field_type=&#8221;input&#8221; checkbox_checked=&#8221;off&#8221; checkbox_options=&#8221;%91{%22value%22:%22Imi\u0119%22,%22checked%22:0}%93&#8243; radio_options=&#8221;%91{%22value%22:%22Imi\u0119%22,%22checked%22:0}%93&#8243; select_options=&#8221;%91{%22value%22:%22Imi\u0119%22,%22checked%22:0}%93&#8243; min_length=&#8221;0&#8243; max_length=&#8221;0&#8243; allowed_symbols=&#8221;all&#8221; required_mark=&#8221;on&#8221; conditional_logic=&#8221;off&#8221; conditional_logic_relation=&#8221;off&#8221; conditional_logic_rules=&#8221;%91{%22field%22:%22email%22,%22condition%22:%22is%22,%22value%22:%22%22}%93&#8243; use_background_color_gradient=&#8221;off&#8221; background_color_gradient_start=&#8221;#2b87da&#8221; background_color_gradient_end=&#8221;#29c4a9&#8243; background_color_gradient_type=&#8221;linear&#8221; background_color_gradient_direction=&#8221;180deg&#8221; background_color_gradient_direction_radial=&#8221;center&#8221; background_color_gradient_start_position=&#8221;0%&#8221; background_color_gradient_end_position=&#8221;100%&#8221; background_color_gradient_overlays_image=&#8221;off&#8221; parallax=&#8221;off&#8221; parallax_method=&#8221;on&#8221; background_size=&#8221;cover&#8221; background_position=&#8221;center&#8221; background_repeat=&#8221;no-repeat&#8221; background_blend=&#8221;normal&#8221; allow_player_pause=&#8221;off&#8221; background_video_pause_outside_viewport=&#8221;on&#8221; fullwidth_field=&#8221;off&#8221; form_field_text_shadow_style=&#8221;none&#8221; box_shadow_style=&#8221;none&#8221; \/][et_pb_contact_field field_id=&#8221;Email&#8221; field_title=&#8221;E-Mail Adresse&#8221; field_type=&#8221;email&#8221; _builder_version=&#8221;3.10.1&#8243; checkbox_checked=&#8221;off&#8221; checkbox_options=&#8221;%91{%22value%22:%22Email Address%22,%22checked%22:0}%93&#8243; radio_options=&#8221;%91{%22value%22:%22Email Address%22,%22checked%22:0}%93&#8243; select_options=&#8221;%91{%22value%22:%22Email Address%22,%22checked%22:0}%93&#8243; min_length=&#8221;0&#8243; max_length=&#8221;0&#8243; allowed_symbols=&#8221;all&#8221; required_mark=&#8221;on&#8221; conditional_logic=&#8221;off&#8221; conditional_logic_relation=&#8221;off&#8221; conditional_logic_rules=&#8221;%91{%22field%22:%22name%22,%22condition%22:%22is%22,%22value%22:%22%22}%93&#8243; use_background_color_gradient=&#8221;off&#8221; background_color_gradient_start=&#8221;#2b87da&#8221; background_color_gradient_end=&#8221;#29c4a9&#8243; background_color_gradient_type=&#8221;linear&#8221; background_color_gradient_direction=&#8221;180deg&#8221; background_color_gradient_direction_radial=&#8221;center&#8221; background_color_gradient_start_position=&#8221;0%&#8221; background_color_gradient_end_position=&#8221;100%&#8221; background_color_gradient_overlays_image=&#8221;off&#8221; parallax=&#8221;off&#8221; parallax_method=&#8221;on&#8221; background_size=&#8221;cover&#8221; background_position=&#8221;center&#8221; background_repeat=&#8221;no-repeat&#8221; background_blend=&#8221;normal&#8221; allow_player_pause=&#8221;off&#8221; background_video_pause_outside_viewport=&#8221;on&#8221; fullwidth_field=&#8221;off&#8221; form_field_text_shadow_style=&#8221;none&#8221; box_shadow_style=&#8221;none&#8221; \/][et_pb_contact_field field_id=&#8221;Message&#8221; field_title=&#8221;Nachricht&#8221; field_type=&#8221;text&#8221; fullwidth_field=&#8221;on&#8221; _builder_version=&#8221;3.10.1&#8243; checkbox_checked=&#8221;off&#8221; checkbox_options=&#8221;%91{%22value%22:%22Wiadomo\u015b\u0107%22,%22checked%22:0}%93&#8243; radio_options=&#8221;%91{%22value%22:%22Wiadomo\u015b\u0107%22,%22checked%22:0}%93&#8243; select_options=&#8221;%91{%22value%22:%22Wiadomo\u015b\u0107%22,%22checked%22:0}%93&#8243; min_length=&#8221;0&#8243; max_length=&#8221;0&#8243; allowed_symbols=&#8221;all&#8221; required_mark=&#8221;on&#8221; conditional_logic=&#8221;off&#8221; conditional_logic_relation=&#8221;off&#8221; conditional_logic_rules=&#8221;%91{%22field%22:%22name%22,%22condition%22:%22is%22,%22value%22:%22%22}%93&#8243; use_background_color_gradient=&#8221;off&#8221; background_color_gradient_start=&#8221;#2b87da&#8221; background_color_gradient_end=&#8221;#29c4a9&#8243; background_color_gradient_type=&#8221;linear&#8221; background_color_gradient_direction=&#8221;180deg&#8221; background_color_gradient_direction_radial=&#8221;center&#8221; background_color_gradient_start_position=&#8221;0%&#8221; background_color_gradient_end_position=&#8221;100%&#8221; background_color_gradient_overlays_image=&#8221;off&#8221; parallax=&#8221;off&#8221; parallax_method=&#8221;on&#8221; background_size=&#8221;cover&#8221; background_position=&#8221;center&#8221; background_repeat=&#8221;no-repeat&#8221; background_blend=&#8221;normal&#8221; allow_player_pause=&#8221;off&#8221; background_video_pause_outside_viewport=&#8221;on&#8221; form_field_text_shadow_style=&#8221;none&#8221; box_shadow_style=&#8221;none&#8221; \/][\/et_pb_contact_form][\/et_pb_column][\/et_pb_row][\/et_pb_section]<\/p>\n","protected":false},"excerpt":{"rendered":"<p>Metall Zaune &nbsp; Herzlich Willkommen auf unserer Seite! Tore, Z\u00e4une, Balustraden &nbsp; Winterangebot, g\u00fcltig ab den 1. Oktober &#8211; 15 % Rabatt Winterangebot, g\u00fcltig ab den 1. Oktober \u2013 Montage n\u00e4chstes Jahr &#8211; 20% Rabatt \u00dcber uns &nbsp; Wir sind sehr Ideenreich und geben Ihnen gerne Tipps. Jeder unserer Kunden ist etwas besonderes f\u00fcr uns, [&hellip;]<\/p>\n","protected":false},"author":1,"featured_media":0,"parent":0,"menu_order":0,"comment_status":"closed","ping_status":"closed","template":"","meta":{"_et_pb_use_builder":"on","_et_pb_old_content":"","_et_gb_content_width":"","footnotes":""},"class_list":["post-86","page","type-page","status-publish","hentry"],"_links":{"self":[{"href":"https:\/\/konig-metallzaune.de\/index.php?rest_route=\/wp\/v2\/pages\/86","targetHints":{"allow":["GET"]}}],"collection":[{"href":"https:\/\/konig-metallzaune.de\/index.php?rest_route=\/wp\/v2\/pages"}],"about":[{"href":"https:\/\/konig-metallzaune.de\/index.php?rest_route=\/wp\/v2\/types\/page"}],"author":[{"embeddable":true,"href":"https:\/\/konig-metallzaune.de\/index.php?rest_route=\/wp\/v2\/users\/1"}],"replies":[{"embeddable":true,"href":"https:\/\/konig-metallzaune.de\/index.php?rest_route=%2Fwp%2Fv2%2Fcomments&post=86"}],"version-history":[{"count":157,"href":"https:\/\/konig-metallzaune.de\/index.php?rest_route=\/wp\/v2\/pages\/86\/revisions"}],"predecessor-version":[{"id":533,"href":"https:\/\/konig-metallzaune.de\/index.php?rest_route=\/wp\/v2\/pages\/86\/revisions\/533"}],"wp:attachment":[{"href":"https:\/\/konig-metallzaune.de\/index.php?rest_route=%2Fwp%2Fv2%2Fmedia&parent=86"}],"curies":[{"name":"wp","href":"https:\/\/api.w.org\/{rel}","templated":true}]}}